at is 4503c (base 13) in base 10?
125280
-3103d0 (base 14) to base 3
-10002222000120
What is -56c2b (base 16) in base 3?
-200001110220
-527532 (base 13) to base 4
-13113021330
What is 651602 (base 7) in base 8?
335516
What is -1000110020111 (base 3) in base 14?
-100cd6
Convert -393cce (base 15) to base 6.
-134512305
Convert 13134421 (base 5) to base 9.
218143
-1011001100110100100 (base 2) to base 10
-367012
What is 14234424 (base 5) in base 15?
2e3c9
-22121122020 (base 3) to base 10
-169593
4484c (base 13) to base 11
85555
-5aa95 (base 12) to base 15
-26478
Convert 274141 (base 8) to base 4.
113201201
Convert -942b02 (base 15) to base 6.
-411004502
-3a8224 (base 11) to base 5
-130443404
What is -ba3a20 (base 12) in base 15?
-3d4640
Convert ab319 (base 12) to base 2.
110111011000000101
Convert 10000001011011011011111 (base 2) to base 15.
58b964
Convert 100103213 (base 4) to base 10.
66791
What is -474 (base 16) in base 7?
-3216
What is -12112 (base 14) in base 16?
-ac54
Convert -11040331 (base 7) to base 11.
-59a524
What is 19d735 (base 14) in base 16?
e0c53
What is -21023132 (base 4) in base 14?
-d9b8
Convert 111323004 (base 5) to base 7.
4132153
What is 21202121100220 (base 3) in base 2?
1111101111001111101110
Convert -112424412 (base 5) to base 2.
-1111101100100110101
11334011 (base 5) to base 14
2a642
-11000011000111110000 (base 2) to base 6
-25044024
What is 110101111101001101 (base 2) in base 14?
5a781
What is 574942 (base 13) in base 2?
111111000100101000011
Convert -354510452 (base 6) to base 10.
-6665504
What is -20001211202 (base 3) in base 9?
-201752
Convert -30457a (base 11) to base 4.
-1313123101
21a19 (base 13) to base 2
1110111001100111
-31013331 (base 4) to base 14
-1583b
Convert -322103233 (base 4) to base 7.
-2013205
Convert 626 (base 10) to base 12.
442
Convert 4103055 (base 7) to base 3.
220211001120
What is 518833 (base 9) in base 8?
1132134
What is -2559263 (base 10) in base 2?
-1001110000110100011111
Convert -a60c2 (base 13) to base 3.
-120012002020
What is -24c2b (base 16) in base 14?
-3cc31
-23232312330 (base 4) to base 16
-2eedbc
What is 7912a9 (base 11) in base 14?
24b6a6
What is -22331245 (base 6) in base 8?
-2461415
What is -221031002 (base 4) in base 8?
-511502
-21120220020210 (base 3) to base 6
-222235203
What is -30622 (base 10) in base 14?
-b234
Convert -6289a (base 11) to base 4.
-112113001
44111143 (base 7) to base 5
1432100044
Convert 60b0c (base 16) to base 8.
1405414
Convert 102112201002122 (base 3) to base 2.
10111011001111000100111
-17403 (base 8) to base 10
-7939
Convert 1127814 (base 14) to base 11.
4677525
-4040140 (base 5) to base 8
-177025
What is -3011032320 (base 5) in base 2?
-10110101101111100000111
What is -151282 (base 13) in base 5?
-113013424
7e0836 (base 15) to base 3
102100011102120
Convert 23778b (base 13) to base 10.
844946
14040241 (base 6) to base 9
788217
-11201220120 (base 3) to base 11
-6406a
Convert -163712 (base 12) to base 16.
-5ca3e
-116355 (base 14) to base 8
-2206727
Convert 3125454 (base 8) to base 13.
230b97
601330 (base 7) to base 3
12011000211
Convert -49b72 (base 12) to base 10.
-100166
4112762 (base 9) to base 8
10274057
Convert -710055 (base 8) to base 13.
-8239b
What is 3721a4 (base 12) in base 8?
3324614
Convert 13130041 (base 5) to base 13.
47248
Convert 9c512 (base 14) to base 10.
379668
What is -a1971 (base 15) in base 6?
-14545124
Convert -2025412 (base 6) to base 10.
-97136
1211021212101 (base 3) to base 9
1737771
Convert 415433 (base 6) to base 9.
51133
What is -bca724 (base 14) in base 9?
-13043216
What is -3625520 (base 8) in base 16?
-f2b50
10044242 (base 6) to base 8
1056602
210552602 (base 7) to base 5
11141401132
Convert 20030212020 (base 4) to base 15.
2c69e9
Convert 5104113 (base 7) to base 12.
252b83
-1251779 (base 11) to base 9
-4065436
5ac27 (base 13) to base 7
1263255
-1140315302 (base 6) to base 12
-43a2b32
What is -87836 (base 13) in base 5?
-30322024
Convert 10104072 (base 9) to base 12.
175799b
-2012001103 (base 4) to base 13
-162b29
-158066 (base 12) to base 8
-1313516
What is -b2008a (base 12) in base 3?
-12020011200221
241544 (base 15) to base 10
1725814
What is -9c43b4 (base 13) in base 7?
-43253062
Convert -31002002 (base 4) to base 9.
-81188
What is 3df81 (base 16) in base 11?
163780
What is -1a3803 (base 15) in base 9?
-2356423
1100010010010001000 (base 2) to base 7
3264445
Convert -72720 (base 11) to base 10.
-106018
What is -37864a (base 14) in base 13?
-51947c
Convert -1ab65 (base 14) to base 9.
-113367
What is -112012010 (base 4) in base 15?
-1bc35
64144 (base 11) to base 4
112302123
What is -58282 (base 10) in base 4?
-32032222
Convert -30946 (base 12) to base 5.
-4013213
-70461125 (base 8) to base 11
-8413814
What is -3332510 (base 7) in base 15?
-81dde
What is 1010110001001010 (base 2) in base 14?
12106
Convert -171525 (base 10) to base 2.
-101001111000000101
What is 1231445 (base 6) in base 4?
100032311
Convert -13110302002 (base 4) to base 13.
-522c94
23b1a2 (base 12) to base 15
b68eb
-a8748 (base 13) to base 16
-4a52d
What is -4220011440 (base 5) in base 8?
-41303426
What is -5c62a (base 14) in base 11?
-144a67
What is 123124550 (base 6) in base 2?
1001000111101101110010
16699a (base 13) to base 14
107249
-12161435 (base 8) to base 13
-72a868
Convert -502412051 (base 6) to base 7.
-132312025
31b8 (base 16) to base 6
134532
Convert 20140342 (base 5) to base 13.
58955
What is 721667 (base 9) in base 8?
1503335
13100034 (base 6) to base 11
272380
Convert -100111010021012 (base 3) to base 6.
-300015005
What is 1410700 (base 9) in base 13?
211854
What is -333713 (base 9) in base 2?
-110000101110101100
Convert 100110110100110010 (base 2) to base 9.
262125
What is -211470 (base 9) in base 6?
-2410143
-262030 (base 11) to base 6
-12502215
12403236 (base 8) to base 6
135010542
22413402 (base 5) to base 15
3e8bc
What is 10000021110000 (base 3) in base 15?
219000
What is 12223200 (base 6) in base 9?
656780
-32310231 (base 4) to base 12
-2b179
-92f3e (base 16) to base 6
-20522354
Convert -1103012000 (base 4) to base 8.
-1230600
What is -316861 (base 11) in base 8?
-1735677
2086273 (base 10) to base 5
1013230043
What is 72193 (base 10) in base 7?
420322
What is 6d55c (base 14) in base 7?
2162045
What is -565851 (base 10) in base 11?
-357150
223301132110 (base 4) to base 13
24b9c59
What is 179914 (base 12) in base 15?
81aed
Convert 193674a (base 11) to base 6.
154100342
What is 27a86 (base 15) in base 7?
1036665
-b0bf2 (base 16) to base 6
-23303350
20814 (base 9) to base 11
a3a0
What is -221200032 (base 6) in base 11?
-227a263
What is 10110001000101000 (base 2) in base 16?
16228
Convert 110220210002 (base 3) to base 8.
760465
221110020211 (base 3) to base 14
d0823
-100101010111010110100 (base 2) to base 16
-12aeb4
Convert -6435345 (base 7) to base 11.
-49476a
-49a1172 (base 11) to base 8
-41100174
548428 (base 10) to base 14
103c16
-12022221010020 (base 3) to base 16
-2b3a55
111010011100010101001100 (base 2) to base 9
31740562
Convert -32b1396 (base 12) to base 13.
-201196b
What is -1143432030 (base 5) in base 15?
-38a3e5
Convert -51572 (base 14) to base 8.
-576500
40c27 (base 14) to base 12
76383
Convert b55a5 (base 14) to base 16.
6acad
dd17e (base 15) to base 14
143d56
Convert -120120120 (base 3) to base 4.
-2301123
Convert 260566 (base 7) to base 14.
1386d
Convert -64037 (base 10) to base 8.
-175045
111101111101000111001 (base 2) to base 3
10211010211021
599839 (base 14) to base 6
145340043
-92a70 (base 11) to base 13
-49a0b
Convert -4855b (base 12) to base 2.
-10111110100010111
Convert -2036011 (base 8) to base 15.
-a9d72
Convert -2a63113 (base 11) to base 7.
-62405212
What is 23301333021 (base 4) in base 10?
3088329
250dba (base 14) to base 6
43121400
Convert 948576 (base 10) to base 9.
1705173
Convert 96cd5 (base 15) to base 9.
808672
-1888878 (base 9) to base 8
-4033730
-1a903a (base 11) to base 10
-319483
What is -20421230 (base 5) in base 8?
-514316
580583 (base 10) to base 9
1074362
What is 21323112312 (base 4) in base 8?
11732666
Convert 27617 (base 14) to base 4.
113233111
Convert -11001000100101100101100 (base 2) to base 12.
-224b890
What is 30030123 (base 4) in base 13?
19971
What is -34123 (base 6) in base 3?
-20120220
What